base 15, what is -37 - 48?
-80
In base 10, what is 1 + -323?
-322
In base 9, what is -2050 + -6?
-2056
In base 11, what is 6 - -19?
24
In base 3, what is 1002 - 21?
211
In base 2, what is 110 - 1100110000?
-1100101010
In base 8, what is -1401 + 4?
-1375
In base 2, what is -10 - 110101?
-110111
In base 8, what is 26 + -20?
6
In base 14, what is 2 + -2d?
-2b
In base 11, what is -52 - -7?
-46
In base 4, what is -11 + 20300?
20223
In base 15, what is 4d + 10?
5d
In base 14, what is 2 - 1097?
-1095
In base 10, what is 5 + -1053?
-1048
In base 11, what is -3 + -640?
-643
In base 15, what is 6 - 61?
-5a
In base 14, what is 1 - 8d?
-8c
In base 2, what is 100 + -1011110?
-1011010
In base 14, what is 186 - -2?
188
In base 15, what is 2 + 4e0?
4e2
In base 3, what is 12 + -110111?
-110022
In base 11, what is 3439 + -1?
3438
In base 9, what is -7 + 45?
37
In base 15, what is 5 - 64?
-5e
In base 12, what is -2 - 48?
-4a
In base 3, what is 20101 - 12?
20012
In base 7, what is -130 + -3?
-133
In base 2, what is 1110 + 100111?
110101
In base 6, what is -213 - -2?
-211
In base 6, what is 234 - -2?
240
In base 12, what is a - 7?
3
In base 8, what is -4 + 532?
526
In base 9, what is 63 - -25?
88
In base 6, what is 3 - 121?
-114
In base 13, what is -1 + -a01?
-a02
In base 16, what is -d2 + 5?
-cd
In base 11, what is -230 - 26?
-256
In base 10, what is 2 + -178?
-176
In base 7, what is 400 + 13?
413
In base 14, what is 84 - 2?
82
In base 13, what is -37 - -5?
-32
In base 9, what is 436 + 5?
442
In base 2, what is -100 - 111101010?
-111101110
In base 8, what is -302 + 75?
-205
In base 15, what is 366 - 3?
363
In base 3, what is -10121 + -12?
-10210
In base 7, what is 1253 - 2?
1251
In base 8, what is -74 + 3?
-71
In base 2, what is 110000 + -1111?
100001
In base 12, what is 2a0 - -a?
2aa
In base 12, what is 28 + -2?
26
In base 5, what is -101111 - 1?
-101112
In base 2, what is -10111110 - 1000?
-11000110
In base 7, what is 24 + -10?
14
In base 5, what is -44 - 133?
-232
In base 14, what is 14 - -23?
37
In base 2, what is 1010 + 10000011?
10001101
In base 6, what is 1433 - 2?
1431
In base 10, what is 3 - 1352?
-1349
In base 10, what is 2887 - 2?
2885
In base 11, what is 2 + -95?
-93
In base 2, what is -10110 - 1111?
-100101
In base 6, what is 15 - -44?
103
In base 2, what is 1101010 - -10000010?
11101100
In base 8, what is 122 + 34?
156
In base 14, what is -4 - -55?
51
In base 9, what is -267 - 3?
-271
In base 7, what is 0 - 11?
-11
In base 3, what is 21 - 201?
-110
In base 7, what is 44 + -12?
32
In base 11, what is -4 - a5?
-a9
In base 11, what is 7a6 - 23?
783
In base 5, what is -1 - 12004?
-12010
In base 3, what is 10 - -10122?
10202
In base 2, what is -110 - 110000?
-110110
In base 5, what is -103 + -11?
-114
In base 16, what is 1b - -50?
6b
In base 10, what is -66 - -6?
-60
In base 4, what is -3 + -233121?
-233130
In base 4, what is 2033 - -133?
2232
In base 7, what is 3 + -23?
-20
In base 9, what is 1843 + 2?
1845
In base 2, what is -101001 + -100?
-101101
In base 13, what is 17 - -a?
24
In base 3, what is 1102 - 1?
1101
In base 5, what is 102223 - 4?
102214
In base 13, what is -30 + c6?
96
In base 8, what is -220 + 16?
-202
In base 15, what is 5 + 62d?
633
In base 7, what is -60263 - -4?
-60256
In base 12, what is -2 + 2b?
29
In base 16, what is 6d + -5?
68
In base 9, what is -13 + -1?
-14
In base 9, what is -5 - 1?
-6
In base 13, what is -5 + -79?
-81
In base 5, what is 0 + -214?
-214
In base 11, what is 2 - 5?
-3
In base 10, what is 54 - 68?
-14
In base 15, what is -7 + -1c?
-24
In base 6, what is 124010 - -1?
124011
In base 10, what is -12279 + -3?
-12282
In base 16, what is -29dc - 5?
-29e1
In base 4, what is 103 - 0?
103
In base 13, what is -1874 - -4?
-1870
In base 10, what is 101 - -5?
106
In base 12, what is -7 - a9a?
-aa5
In base 16, what is 4eb - -1?
4ec
In base 10, what is -5 + -221?
-226
In base 12, what is -33b - -17?
-324
In base 8, what is -2103 + -3?
-2106
In base 8, what is 5 + -12704?
-12677
In base 5, what is -1332 - -11?
-1321
In base 5, what is -3 - 144003?
-144011
In base 10, what is 0 + -73?
-73
In base 8, what is -52 - 144?
-216
In base 3, what is -1200 - 12?
-1212
In base 9, what is -7 - -15?
7
In base 7, what is 0 - -36?
36
In base 5, what is 10 + 42203?
42213
In base 10, what is -29 + 7?
-22
In base 7, what is -2 + -3065?
-3100
In base 4, what is -31 - 10?
-101
In base 3, what is -10111021 + -2?
-10111100
In base 10, what is -175 + 2?
-173
In base 9, what is 5 + -160?
-154
In base 13, what is -a + 8b?
81
In base 4, what is 1321 - -11?
1332
In base 8, what is -5 + 65?
60
In base 15, what is 3 - -686?
689
In base 12, what is 2 + -380?
-37a
In base 12, what is 32 - -42?
74
In base 12, what is 79 + -73?
6
In base 3, what is 211022111 + 2?
211022120
In base 5, what is -2413 + -30?
-2443
In base 15, what is -25a - -2?
-258
In base 2, what is 10000000101100 + -1?
10000000101011
In base 9, what is 0 + 4343?
4343
In base 6, what is 250 - -2?
252
In base 8, what is 2542 + -1?
2541
In base 2, what is -111 + -1010010?
-1011001
In base 10, what is -720 + -5?
-725
In base 12, what is -5 + -65?
-6a
In base 4, what is -11 + 1133?
1122
In base 3, what is -12 + -10200?
-10212
In base 8, what is -564 + 0?
-564
In base 7, what is 6 - -1423?
1432
In base 9, what is 137 - -36?
174
In base 13, what is -33 + 8a?
57
In base 11, what is -1 + 7aa?
7a9
In base 9, what is -18 + 4?
-14
In base 5, what is -112 + 44?
-13
In base 8, what is 5 + -3604?
-3577
In base 12, what is 1 + -1059?
-1058
In base 11, what is -302 + -5?
-307
In base 7, what is 4 + 123?
130
In base 15, what is 456 + 3?
459
In base 7, what is -44 + 65?
21
In base 7, what is -143316 - 4?
-143323
In base 9, what is 72 - 5?
66
In base 14, what is 1a8 + -2?
1a6
In base 10, what is 3 + 82?
85
In base 4, what is 1 - 1103030?
-1103023
In base 14, what is 9d + -1?
9c
In base 8, what is -5275 + 5?
-5270
In base 16, what is -9 - -3?
-6
In base 16, what is 3 - -dc?
df
In base 2, what is -111 - 110010100?
-110011011
In base 2, what is 100100010111 + -1?
100100010110
In base 15, what is -4 + 7c?
78
In base 14, what is -b - -11?
4
In base 5, what is 10244 - 1?
10243
In base 9, what is 0 - 134?
-134
In base 8, what is 3 - 614?
-611
In base 14, what is 3 + 3?
6
In base 5, what is -42241 + 1?
-42240
In base 4, what is 1 - 21123?
-21122
In base 2, what is 101111000010 - -100?
101111000110
In base 14, what is -d - 8?
-17
In base 11, what is a - 26?
-17
In base 6, what is -1125 + 1?
-1124
In base 15, what is -5 + a0?
9a
In base 11, what is 3 - 292?
-28a
In base 16, what is 294 - 5?
28f
In base 3, what is 11 + 22021000?
22021011
In base 3, what is 1111 - -2?
1120
In base 15, what is 28 + -179?
-151
In base 7, what is 3 - 15454?
-15451
In base 14, what is 30 - -5?
35
In base 6, what is -1 + 514?
513
In base 7, what is 23 - 12?
11
In base 3, what is 120020 + 20?
120110
In base 10, what is 12 - 101?
-89
In base 15, what is -7 + 1d2?
1ca
In base 3, what is 0 + -2101100?
-2101100
In base 8, what is -700 - 66?
-766
In base 16, what is -5b - 1?
-5c
In base 11, what is -6 + -13?
-19
In base 15, what is -4 - 57?
-5b
In base 8, what is -3057 + 5?
-3052
In base 12, what is -2 - -1b43?
1b41
In base 10, what is -3 - -50?
47
In base 14, what is 32 - -32?
64
In base 12, what is 1 - 21?
-20
In base 11, what is -2 + -60?
-62
In base 13, what is -6 + 493?
48a
In base 14, what is 19 - 22?
-7
In base 3, what is 1102021 - 1?
1102020
In base 13, what is 13b6 - -1?
13b7
In base 14, what is 3d + 4?
43
In base 10, what is -8 - -1?
-7
In base 11, what is -24 + -73?
-97
In base 16, what is 4 + 5?
9
In base 6, what is 0 - 1442?
-1442
In base 13, what is b39 + -4?
b35
In base 3, what is 20 - -2202120?
2202210
In base 11, what is 1 + -6?
-5
In base 7, what is 2 - 14026?
-14024
In base 3, what is 222 + -2?
220
In base 3, what is 11 + -212202?
-212121
In base 13, what is -5072 + 4?
-506b
In base 14, what is 1 + -5cb?
-5ca
In base 6, what is 20 + -34?
-14
In base 7, what is 1562 + 5?
1600
In base 9, what is 3 + 77?
81
In base 13, what is 1 - -37?
38
In base 2, what is 100110 - 110100?
-1110
In base 13, what is -21 - 14a?
-16b
In base 15, what is 2 - 70?
-6d
In base 9, what is 410 - 5?
404
In base 14, what is -1b + 1c3?
1a6
In base 16, what is 4